 the prime factors of 8316.
2, 3, 7, 11
List the prime factors of 89901.
3, 7, 1427
What are the prime factors of 2003?
2003
List the prime factors of 1197.
3, 7, 19
List the prime factors of 23863.
7, 487
List the prime factors of 256.
2
List the prime factors of 3674.
2, 11, 167
What are the prime factors of 63184?
2, 11, 359
List the prime factors of 2269.
2269
What are the prime factors of 4577?
23, 199
List the prime factors of 108634.
2, 29, 1873
What are the prime factors of 3623?
3623
List the prime factors of 8528.
2, 13, 41
What are the prime factors of 40112?
2, 23, 109
What are the prime factors of 6814?
2, 3407
List the prime factors of 42092.
2, 17, 619
List the prime factors of 52919.
52919
What are the prime factors of 52004?
2, 13001
What are the prime factors of 1051?
1051
List the prime factors of 2137.
2137
What are the prime factors of 48330?
2, 3, 5, 179
List the prime factors of 29960.
2, 5, 7, 107
What are the prime factors of 43064?
2, 7, 769
What are the prime factors of 4539?
3, 17, 89
What are the prime factors of 29966?
2, 14983
What are the prime factors of 747?
3, 83
What are the prime factors of 1505?
5, 7, 43
List the prime factors of 8672.
2, 271
List the prime factors of 1579.
1579
What are the prime factors of 3709?
3709
List the prime factors of 3200.
2, 5
What are the prime factors of 5590?
2, 5, 13, 43
What are the prime factors of 6495?
3, 5, 433
What are the prime factors of 883?
883
List the prime factors of 69520.
2, 5, 11, 79
What are the prime factors of 24002?
2, 11, 1091
List the prime factors of 72414.
2, 3, 149
List the prime factors of 95504.
2, 47, 127
What are the prime factors of 114218?
2, 13, 23, 191
List the prime factors of 1087.
1087
What are the prime factors of 20292?
2, 3, 19, 89
What are the prime factors of 2317?
7, 331
What are the prime factors of 223?
223
List the prime factors of 3341.
13, 257
List the prime factors of 155310.
2, 3, 5, 31, 167
List the prime factors of 1029.
3, 7
What are the prime factors of 35203?
7, 47, 107
What are the prime factors of 5308?
2, 1327
What are the prime factors of 7449?
3, 13, 191
What are the prime factors of 8043?
3, 7, 383
List the prime factors of 12476.
2, 3119
What are the prime factors of 154967?
353, 439
What are the prime factors of 19259?
19259
What are the prime factors of 308?
2, 7, 11
What are the prime factors of 7302?
2, 3, 1217
What are the prime factors of 35377?
17, 2081
List the prime factors of 7560.
2, 3, 5, 7
What are the prime factors of 511?
7, 73
List the prime factors of 144286.
2, 19, 3797
What are the prime factors of 367?
367
What are the prime factors of 5281?
5281
What are the prime factors of 813?
3, 271
What are the prime factors of 237?
3, 79
List the prime factors of 890.
2, 5, 89
List the prime factors of 712.
2, 89
What are the prime factors of 4521?
3, 11, 137
List the prime factors of 35.
5, 7
List the prime factors of 1456.
2, 7, 13
List the prime factors of 1390.
2, 5, 139
What are the prime factors of 21203?
7, 13, 233
What are the prime factors of 49548?
2, 3, 4129
What are the prime factors of 2386?
2, 1193
What are the prime factors of 1761?
3, 587
List the prime factors of 4869.
3, 541
What are the prime factors of 11747?
17, 691
What are the prime factors of 22265?
5, 61, 73
What are the prime factors of 1118?
2, 13, 43
What are the prime factors of 13578?
2, 3, 31, 73
What are the prime factors of 9888?
2, 3, 103
What are the prime factors of 2151?
3, 239
What are the prime factors of 3202?
2, 1601
What are the prime factors of 2111?
2111
List the prime factors of 1186.
2, 593
What are the prime factors of 2886?
2, 3, 13, 37
What are the prime factors of 90504?
2, 3, 419
What are the prime factors of 19599?
3, 47, 139
List the prime factors of 1905.
3, 5, 127
What are the prime factors of 7986?
2, 3, 11
List the prime factors of 9155.
5, 1831
List the prime factors of 820.
2, 5, 41
List the prime factors of 434.
2, 7, 31
List the prime factors of 1844.
2, 461
List the prime factors of 37959.
3, 12653
List the prime factors of 77235.
3, 5, 19, 271
What are the prime factors of 1271?
31, 41
List the prime factors of 234.
2, 3, 13
What are the prime factors of 34554?
2, 3, 13, 443
What are the prime factors of 7512?
2, 3, 313
What are the prime factors of 29810?
2, 5, 11, 271
What are the prime factors of 3327?
3, 1109
What are the prime factors of 16455?
3, 5, 1097
List the prime factors of 2792.
2, 349
What are the prime factors of 20551?
20551
What are the prime factors of 104459?
104459
What are the prime factors of 4393?
23, 191
What are the prime factors of 47264?
2, 7, 211
List the prime factors of 230.
2, 5, 23
What are the prime factors of 21786?
2, 3, 3631
List the prime factors of 19341.
3, 7, 307
List the prime factors of 72112.
2, 4507
List the prime factors of 632.
2, 79
List the prime factors of 172320.
2, 3, 5, 359
What are the prime factors of 9649?
9649
What are the prime factors of 37910?
2, 5, 17, 223
What are the prime factors of 135?
3, 5
List the prime factors of 921.
3, 307
What are the prime factors of 14123?
29, 487
List the prime factors of 103256.
2, 12907
List the prime factors of 27032.
2, 31, 109
List the prime factors of 99105.
3, 5, 6607
List the prime factors of 26355.
3, 5, 7, 251
What are the prime factors of 574?
2, 7, 41
List the prime factors of 1328.
2, 83
List the prime factors of 2210.
2, 5, 13, 17
What are the prime factors of 530?
2, 5, 53
List the prime factors of 2585.
5, 11, 47
What are the prime factors of 2353?
13, 181
List the prime factors of 132625.
5, 1061
List the prime factors of 452.
2, 113
What are the prime factors of 599?
599
List the prime factors of 69434.
2, 149, 233
What are the prime factors of 13277?
11, 17, 71
What are the prime factors of 69?
3, 23
List the prime factors of 416.
2, 13
What are the prime factors of 998?
2, 499
What are the prime factors of 52055?
5, 29, 359
List the prime factors of 3752.
2, 7, 67
What are the prime factors of 651?
3, 7, 31
What are the prime factors of 282?
2, 3, 47
List the prime factors of 6621.
3, 2207
List the prime factors of 5708.
2, 1427
What are the prime factors of 801?
3, 89
List the prime factors of 1382.
2, 691
List the prime factors of 32534.
2, 16267
List the prime factors of 1018.
2, 509
What are the prime factors of 63972?
2, 3, 1777
What are the prime factors of 125?
5
List the prime factors of 77080.
2, 5, 41, 47
What are the prime factors of 9297?
3, 1033
What are the prime factors of 13478?
2, 23, 293
What are the prime factors of 2652?
2, 3, 13, 17
List the prime factors of 39129.
3, 13043
What are the prime factors of 9880?
2, 5, 13, 19
What are the prime factors of 853?
853
What are the prime factors of 918?
2, 3, 17
List the prime factors of 3095.
5, 619
List the prime factors of 7727.
7727
List the prime factors of 433.
433
What are the prime factors of 644?
2, 7, 23
What are the prime factors of 11180?
2, 5, 13, 43
What are the prime factors of 2117?
29, 73
List the prime factors of 566.
2, 283
What are the prime factors of 15740?
2, 5, 787
What are the prime factors of 99651?
3, 59, 563
List the prime factors of 57540.
2, 3, 5, 7, 137
What are the prime factors of 696?
2, 3, 29
What are the prime factors of 4?
2
List the prime factors of 1090.
2, 5, 109
What are the prime factors of 4377?
3, 1459
List the prime factors of 3641.
11, 331
List the prime factors of 14534.
2, 13, 43
What are the prime factors of 64319?
64319
List the prime factors of 13952.
2, 109
List the prime factors of 2070.
2, 3, 5, 23
List the prime factors of 835.
5, 167
What are the prime factors of 12361?
47, 263
List the prime factors of 500.
2, 5
List the prime factors of 1300.
2, 5, 13
What are the prime factors of 6893?
61, 113
What are the prime factors of 4741?
11, 431
What are the prime factors of 7036?
2, 1759
List the prime factors of 20095.
5, 4019
What are the prime factors of 29851?
29851
List the prime factors of 83935.
5, 16787
List the prime factors of 1765.
5, 353
What are the prime factors of 33233?
167, 199
What are the prime factors of 3773?
7, 11
What are the prime factors of 4008?
2, 3, 167
What are the prime factors of 536?
2, 67
List the prime factors of 192061.
149, 1289
Li